52.173.140.255 - - [02/Apr/2025:23:16:21 +0200] "GET /wp-admin/user/cloud.php HTTP/1.1" 301 162 "-" "-"
52.173.140.255 - - [02/Apr/2025:23:16:21 +0200] "GET /img/cloud.php HTTP/1.1" 301 162 "-" "-"
52.173.140.255 - - [02/Apr/2025:23:16:21 +0200] "GET /wp-admin/css/colors/coffee/cloud.php HTTP/1.1" 301 162 "-" "-"
52.173.140.255 - - [02/Apr/2025:23:16:21 +0200] "GET /wp-admin/images/cloud.php HTTP/1.1" 301 162 "-" "-"
52.173.140.255 - - [02/Apr/2025:23:16:22 +0200] "GET /avaa.php HTTP/1.1" 301 162 "-" "-"
52.173.140.255 - - [02/Apr/2025:23:16:22 +0200] "GET /images/cloud.php HTTP/1.1" 301 162 "-" "-"
52.173.140.255 - - [02/Apr/2025:23:16:22 +0200] "GET /wp-admin/js/widgets/cloud.php HTTP/1.1" 301 162 "-" "-"
52.173.140.255 - - [02/Apr/2025:23:16:23 +0200] "GET /wp-includes/Requests/Text/admin.php HTTP/1.1" 301 162 "-" "-"
52.173.140.255 - - [02/Apr/2025:23:16:23 +0200] "GET /wp-admin/css/colors/cloud.php HTTP/1.1" 301 162 "-" "-"
52.173.140.255 - - [02/Apr/2025:23:16:23 +0200] "GET /wp-admin/includes/cloud.php HTTP/1.1" 301 162 "-" "-"
52.173.140.255 - - [02/Apr/2025:23:16:24 +0200] "GET /wp-admin/css/colors/blue/cloud.php HTTP/1.1" 301 162 "-" "-"
52.173.140.255 - - [02/Apr/2025:23:16:24 +0200] "GET /wp-admin/cloud.php HTTP/1.1" 301 162 "-" "-"
52.173.140.255 - - [02/Apr/2025:23:16:24 +0200] "GET /updates.php HTTP/1.1" 301 162 "-" "-"
52.173.140.255 - - [02/Apr/2025:23:16:24 +0200] "GET /libraries/legacy/updates.php HTTP/1.1" 301 162 "-" "-"
52.173.140.255 - - [02/Apr/2025:23:16:25 +0200] "GET /libraries/phpmailer/updates.php HTTP/1.1" 301 162 "-" "-"
52.173.140.255 - - [02/Apr/2025:23:16:25 +0200] "GET /libraries/vendor/updates.php HTTP/1.1" 301 162 "-" "-"
52.173.140.255 - - [02/Apr/2025:23:16:25 +0200] "GET /alfa-rex.php7 HTTP/1.1" 301 162 "-" "-"
52.173.140.255 - - [02/Apr/2025:23:16:26 +0200] "GET /alfanew.php HTTP/1.1" 301 162 "-" "-"
52.173.140.255 - - [02/Apr/2025:23:16:26 +0200] "GET /wp-content/plugins/Cache/Cache.php HTTP/1.1" 301 162 "-" "-"
52.173.140.255 - - [02/Apr/2025:23:16:26 +0200] "GET /wp-admin/js/widgets/about.php7 HTTP/1.1" 301 162 "-" "-"
52.173.140.255 - - [02/Apr/2025:23:16:27 +0200] "GET /wp-p.php7 HTTP/1.1" 301 162 "-" "-"
52.173.140.255 - - [02/Apr/2025:23:16:27 +0200] "GET /wp-admin/repeater.php HTTP/1.1" 301 162 "-" "-"
52.173.140.255 - - [02/Apr/2025:23:16:27 +0200] "GET /wp-includes/repeater.php HTTP/1.1" 301 162 "-" "-"
52.173.140.255 - - [02/Apr/2025:23:16:27 +0200] "GET /wp-content/repeater.php HTTP/1.1" 301 162 "-" "-"
52.173.140.255 - - [02/Apr/2025:23:16:28 +0200] "GET /wsoyanz.php HTTP/1.1" 301 162 "-" "-"
52.173.140.255 - - [02/Apr/2025:23:16:28 +0200] "GET /yanz.php HTTP/1.1" 301 162 "-" "-"
52.173.140.255 - - [02/Apr/2025:23:16:28 +0200] "GET /wp-content/plugins/seoo/wsoyanz.php HTTP/1.1" 301 162 "-" "-"
52.173.140.255 - - [02/Apr/2025:23:16:29 +0200] "GET /wp-content/plugins/seoo/wsoyanz1.php HTTP/1.1" 301 162 "-" "-"
52.178.151.36 - - [03/Apr/2025:01:13:31 +0200] "GET /wp-includes/js/ HTTP/1.1" 301 162 "-" "-"
52.178.151.36 - - [03/Apr/2025:01:13:32 +0200] "GET /wp-includes/pomo/ HTTP/1.1" 301 162 "-" "-"
52.178.151.36 - - [03/Apr/2025:01:13:32 +0200] "GET /wp-includes/rest-api/ HTTP/1.1" 301 162 "-" "-"
52.178.151.36 - - [03/Apr/2025:01:13:32 +0200] "GET /wp-includes/widgets/ HTTP/1.1" 301 162 "-" "-"
52.178.151.36 - - [03/Apr/2025:01:13:32 +0200] "GET /wp-admin/css/ HTTP/1.1" 301 162 "-" "-"
52.178.151.36 - - [03/Apr/2025:01:13:32 +0200] "GET /wp-admin/images/ HTTP/1.1" 301 162 "-" "-"
52.178.151.36 - - [03/Apr/2025:01:13:32 +0200] "GET /wp-admin/maint/ HTTP/1.1" 301 162 "-" "-"
52.178.151.36 - - [03/Apr/2025:01:13:32 +0200] "GET /wp-admin/meta/ HTTP/1.1" 301 162 "-" "-"
52.178.151.36 - - [03/Apr/2025:01:13:32 +0200] "GET /wp-admin/network/ HTTP/1.1" 301 162 "-" "-"
52.178.151.36 - - [03/Apr/2025:01:13:32 +0200] "GET /wp-admin/user/ HTTP/1.1" 301 162 "-" "-"
52.178.151.36 - - [03/Apr/2025:01:13:33 +0200] "GET /wp-content/ HTTP/1.1" 301 162 "-" "-"
52.178.151.36 - - [03/Apr/2025:01:13:33 +0200] "GET /wp-content/plugins/ HTTP/1.1" 301 162 "-" "-"
52.178.151.36 - - [03/Apr/2025:01:13:33 +0200] "GET /wp-content/themes/ HTTP/1.1" 301 162 "-" "-"
52.178.151.36 - - [03/Apr/2025:01:13:33 +0200] "GET /wp-admin/includes/ HTTP/1.1" 301 162 "-" "-"
52.178.151.36 - - [03/Apr/2025:01:13:33 +0200] "GET /wp-admin/ HTTP/1.1" 301 162 "-" "-"
52.178.151.36 - - [03/Apr/2025:01:13:33 +0200] "GET /wp-content/upgrade/ HTTP/1.1" 301 162 "-" "-"
52.178.151.36 - - [03/Apr/2025:01:13:33 +0200] "GET /wp-content/uploads/ HTTP/1.1" 301 162 "-" "-"
52.178.151.36 - - [03/Apr/2025:01:13:33 +0200] "GET /wp-includes/ HTTP/1.1" 301 162 "-" "-"
52.178.151.36 - - [03/Apr/2025:01:13:33 +0200] "GET /wp-includes/css/ HTTP/1.1" 301 162 "-" "-"
52.178.151.36 - - [03/Apr/2025:01:13:33 +0200] "GET /wp-includes/ID3/ HTTP/1.1" 301 162 "-" "-"
52.178.151.36 - - [03/Apr/2025:01:13:34 +0200] "GET /wp-includes/IXR/ HTTP/1.1" 301 162 "-" "-"
52.178.151.36 - - [03/Apr/2025:01:13:34 +0200] "GET /wp-includes/Requests/ HTTP/1.1" 301 162 "-" "-"
52.178.151.36 - - [03/Apr/2025:01:13:34 +0200] "GET /wp-includes/SimplePie/ HTTP/1.1" 301 162 "-" "-"
52.178.151.36 - - [03/Apr/2025:01:13:34 +0200] "GET /wp-includes/Text/ HTTP/1.1" 301 162 "-" "-"
52.178.151.36 - - [03/Apr/2025:01:13:34 +0200] "GET /wp-content/mu-plugins-old/ HTTP/1.1" 301 162 "-" "-"
52.178.151.36 - - [03/Apr/2025:01:13:34 +0200] "GET /wp-content/themes/classic/inc/ HTTP/1.1" 301 162 "-" "-"
52.178.151.36 - - [03/Apr/2025:01:13:34 +0200] "GET /wp-content/plugins/ninja-forms/ HTTP/1.1" 301 162 "-" "-"
52.178.151.36 - - [03/Apr/2025:01:13:34 +0200] "GET /wp-content/mu-plugins/ HTTP/1.1" 301 162 "-" "-"
52.178.151.36 - - [03/Apr/2025:01:13:34 +0200] "GET /wp-includes/Text/Diff/Renderer/ HTTP/1.1" 301 162 "-" "-"
52.178.151.36 - - [03/Apr/2025:01:13:35 +0200] "GET /wp-includes/blocks/ HTTP/1.1" 301 162 "-" "-"
52.178.151.36 - - [03/Apr/2025:01:13:35 +0200] "GET /wp-includes/certificates/ HTTP/1.1" 301 162 "-" "-"
52.178.151.36 - - [03/Apr/2025:01:13:35 +0200] "GET /wp-includes/customize/ HTTP/1.1" 301 162 "-" "-"
52.178.151.36 - - [03/Apr/2025:01:13:35 +0200] "GET /wp-includes/fonts/ HTTP/1.1" 301 162 "-" "-"
52.178.151.36 - - [03/Apr/2025:01:13:35 +0200] "GET /wp-includes/images/ HTTP/1.1" 301 162 "-" "-"
52.178.151.36 - - [03/Apr/2025:01:13:35 +0200] "GET /.well-known/ HTTP/1.1" 301 162 "-" "-"
52.178.151.36 - - [03/Apr/2025:01:13:35 +0200] "GET /ALFA_DATA/ HTTP/1.1" 301 162 "-" "-"
52.178.151.36 - - [03/Apr/2025:01:13:35 +0200] "GET /.well-knownold/ HTTP/1.1" 301 162 "-" "-"
52.178.151.36 - - [03/Apr/2025:01:13:35 +0200] "GET /.well-known/acme-challenge/ HTTP/1.1" 301 162 "-" "-"
52.178.151.36 - - [03/Apr/2025:01:13:35 +0200] "GET /.well-known/ HTTP/1.1" 301 162 "-" "-"
52.178.151.36 - - [03/Apr/2025:01:13:36 +0200] "GET /cgi-bin/ HTTP/1.1" 301 162 "-" "-"
52.178.151.36 - - [03/Apr/2025:01:13:36 +0200] "GET /ALFA_DATA/ HTTP/1.1" 301 162 "-" "-"
52.178.151.36 - - [03/Apr/2025:01:13:36 +0200] "GET /.well-knownold/ HTTP/1.1" 301 162 "-" "-"
52.178.151.36 - - [03/Apr/2025:01:13:36 +0200] "GET /.well-known/acme-challenge/ HTTP/1.1" 301 162 "-" "-"
52.178.151.36 - - [03/Apr/2025:01:13:36 +0200] "GET /.well-known/ HTTP/1.1" 301 162 "-" "-"
52.178.151.36 - - [03/Apr/2025:01:13:36 +0200] "GET /uploads/ HTTP/1.1" 301 162 "-" "-"
52.178.151.36 - - [03/Apr/2025:01:13:36 +0200] "GET /upload/ HTTP/1.1" 301 162 "-" "-"
52.178.151.36 - - [03/Apr/2025:01:13:36 +0200] "GET /admin/uploads/ HTTP/1.1" 301 162 "-" "-"
52.178.151.36 - - [03/Apr/2025:01:13:36 +0200] "GET /Admin/uploads/ HTTP/1.1" 301 162 "-" "-"
52.178.151.36 - - [03/Apr/2025:01:13:37 +0200] "GET /admin/ HTTP/1.1" 301 162 "-" "-"
52.178.151.36 - - [03/Apr/2025:01:13:37 +0200] "GET /images/ HTTP/1.1" 301 162 "-" "-"
52.178.151.36 - - [03/Apr/2025:01:13:37 +0200] "GET /assets/ HTTP/1.1" 301 162 "-" "-"
52.178.151.36 - - [03/Apr/2025:01:13:37 +0200] "GET /vendor/phpunit/phpunit/src/Util/PHP/ HTTP/1.1" 301 162 "-" "-"
52.178.151.36 - - [03/Apr/2025:01:13:37 +0200] "GET /upload/image/ HTTP/1.1" 301 162 "-" "-"
52.178.151.36 - - [03/Apr/2025:01:13:37 +0200] "GET /assets/images/ HTTP/1.1" 301 162 "-" "-"
52.178.151.36 - - [03/Apr/2025:01:13:37 +0200] "GET /Public/ HTTP/1.1" 301 162 "-" "-"
52.178.151.36 - - [03/Apr/2025:01:13:37 +0200] "GET /vendor/ HTTP/1.1" 301 162 "-" "-"
52.178.151.36 - - [03/Apr/2025:01:13:37 +0200] "GET /local/ HTTP/1.1" 301 162 "-" "-"
52.178.151.36 - - [03/Apr/2025:01:13:37 +0200] "GET /modules/ HTTP/1.1" 301 162 "-" "-"
52.178.151.36 - - [03/Apr/2025:01:13:38 +0200] "GET /Site/ HTTP/1.1" 301 162 "-" "-"
52.178.151.36 - - [03/Apr/2025:01:13:38 +0200] "GET /system/ HTTP/1.1" 301 162 "-" "-"
52.178.151.36 - - [03/Apr/2025:01:13:38 +0200] "GET /template/ HTTP/1.1" 301 162 "-" "-"
52.178.151.36 - - [03/Apr/2025:01:13:38 +0200] "GET /shop/ HTTP/1.1" 301 162 "-" "-"
52.178.151.36 - - [03/Apr/2025:01:13:38 +0200] "GET /files/ HTTP/1.1" 301 162 "-" "-"
52.178.151.36 - - [03/Apr/2025:01:13:38 +0200] "GET /admin/editor/ HTTP/1.1" 301 162 "-" "-"
52.178.151.36 - - [03/Apr/2025:01:13:38 +0200] "GET /include/ HTTP/1.1" 301 162 "-" "-"
52.178.151.36 - - [03/Apr/2025:01:13:38 +0200] "GET /Assets/ HTTP/1.1" 301 162 "-" "-"
52.178.151.36 - - [03/Apr/2025:01:13:38 +0200] "GET /images/stories/ HTTP/1.1" 301 162 "-" "-"
52.178.151.36 - - [03/Apr/2025:01:13:39 +0200] "GET /plugins/ HTTP/1.1" 301 162 "-" "-"
52.178.151.36 - - [03/Apr/2025:01:13:39 +0200] "GET /php/ HTTP/1.1" 301 162 "-" "-"
52.178.151.36 - - [03/Apr/2025:01:13:39 +0200] "GET /wp-includes/assets/ HTTP/1.1" 301 162 "-" "-"
52.178.151.36 - - [03/Apr/2025:01:13:39 +0200] "GET /wp-includes/Text/Diff/Engine/ HTTP/1.1" 301 162 "-" "-"
52.178.151.36 - - [03/Apr/2025:01:13:39 +0200] "GET /wp-includes/block-patterns/ HTTP/1.1" 301 162 "-" "-"
52.178.151.36 - - [03/Apr/2025:01:13:39 +0200] "GET /wp-includes/Text/Diff/ HTTP/1.1" 301 162 "-" "-"
52.178.151.36 - - [03/Apr/2025:01:13:39 +0200] "GET /wp-includes/block-supports/ HTTP/1.1" 301 162 "-" "-"
52.178.151.36 - - [03/Apr/2025:01:13:39 +0200] "GET /wp-includes/blocks/ HTTP/1.1" 301 162 "-" "-"
52.178.151.36 - - [03/Apr/2025:01:13:39 +0200] "GET /wp-includes/certificates/ HTTP/1.1" 301 162 "-" "-"
52.178.151.36 - - [03/Apr/2025:01:13:39 +0200] "GET /wp-includes/SimplePie/Cache/ HTTP/1.1" 301 162 "-" "-"
52.178.151.36 - - [03/Apr/2025:01:13:40 +0200] "GET /wp-includes/SimplePie/Content/Type/ HTTP/1.1" 301 162 "-" "-"
52.178.151.36 - - [03/Apr/2025:01:13:40 +0200] "GET /wp-includes/css/ HTTP/1.1" 301 162 "-" "-"
52.178.151.36 - - [03/Apr/2025:01:13:40 +0200] "GET /wp-includes/SimplePie/Content/ HTTP/1.1" 301 162 "-" "-"
52.178.151.36 - - [03/Apr/2025:01:13:40 +0200] "GET /wp-includes/rest-api/endpoints/ HTTP/1.1" 301 162 "-" "-"
52.178.151.36 - - [03/Apr/2025:01:13:40 +0200] "GET /wp-includes/rest-api/fields/ HTTP/1.1" 301 162 "-" "-"
52.178.151.36 - - [03/Apr/2025:01:13:40 +0200] "GET /wp-includes/Requests/Cookie/ HTTP/1.1" 301 162 "-" "-"
52.178.151.36 - - [03/Apr/2025:01:13:40 +0200] "GET /wp-includes/Requests/Proxy/ HTTP/1.1" 301 162 "-" "-"
52.178.151.36 - - [03/Apr/2025:01:13:40 +0200] "GET /wp-includes/Requests/Response/ HTTP/1.1" 301 162 "-" "-"
52.178.151.36 - - [03/Apr/2025:01:13:40 +0200] "GET /wp-includes/Requests/Transport/ HTTP/1.1" 301 162 "-" "-"
52.178.151.36 - - [03/Apr/2025:01:13:40 +0200] "GET /wp-includes/Requests/Utility/ HTTP/1.1" 301 162 "-" "-"
52.178.151.36 - - [03/Apr/2025:01:13:41 +0200] "GET /wp-includes/js/codemirror/ HTTP/1.1" 301 162 "-" "-"
52.178.151.36 - - [03/Apr/2025:01:13:41 +0200] "GET /wp-includes/Requests/Exception/HTTP/ HTTP/1.1" 301 162 "-" "-"
52.178.151.36 - - [03/Apr/2025:01:13:41 +0200] "GET /wp-includes/js/crop/ HTTP/1.1" 301 162 "-" "-"
52.178.151.36 - - [03/Apr/2025:01:13:41 +0200] "GET /wp-includes/images/crystal/ HTTP/1.1" 301 162 "-" "-"
52.178.151.36 - - [03/Apr/2025:01:13:41 +0200] "GET /wp-includes/images/media/ HTTP/1.1" 301 162 "-" "-"
52.178.151.36 - - [03/Apr/2025:01:13:41 +0200] "GET /wp-includes/images/smilies/ HTTP/1.1" 301 162 "-" "-"
52.178.151.36 - - [03/Apr/2025:01:13:41 +0200] "GET /wp-includes/images/wlw/ HTTP/1.1" 301 162 "-" "-"
52.178.151.36 - - [03/Apr/2025:01:13:41 +0200] "GET /wp-includes/rest-api/search/ HTTP/1.1" 301 162 "-" "-"
52.178.151.36 - - [03/Apr/2025:01:13:41 +0200] "GET /wp-includes/Requests/Exception/ HTTP/1.1" 301 162 "-" "-"
52.178.151.36 - - [03/Apr/2025:01:13:42 +0200] "GET /wp-includes/Requests/Auth/ HTTP/1.1" 301 162 "-" "-"
52.178.151.36 - - [03/Apr/2025:01:13:42 +0200] "GET /wp-includes/sodium_compat/src/ HTTP/1.1" 301 162 "-" "-"
52.178.151.36 - - [03/Apr/2025:01:13:42 +0200] "GET /wp-includes/sitemaps/providers/ HTTP/1.1" 301 162 "-" "-"
52.178.151.36 - - [03/Apr/2025:01:13:42 +0200] "GET /wp-includes/Text/Diff/Engine/Engine/ HTTP/1.1" 301 162 "-" "-"
52.178.151.36 - - [03/Apr/2025:01:13:42 +0200] "GET /wp-includes/customize/ HTTP/1.1" 301 162 "-" "-"
52.178.151.36 - - [03/Apr/2025:01:13:42 +0200] "GET /wp-includes/fonts/ HTTP/1.1" 301 162 "-" "-"
52.178.151.36 - - [03/Apr/2025:01:13:42 +0200] "GET /wp-includes/html-api/ HTTP/1.1" 301 162 "-" "-"
52.178.151.36 - - [03/Apr/2025:01:13:42 +0200] "GET /wp-includes/ID3/ HTTP/1.1" 301 162 "-" "-"
52.178.151.36 - - [03/Apr/2025:01:13:42 +0200] "GET /wp-includes/images/ HTTP/1.1" 301 162 "-" "-"
52.178.151.36 - - [03/Apr/2025:01:13:42 +0200] "GET /wp-includes/IXR/ HTTP/1.1" 301 162 "-" "-"
52.178.151.36 - - [03/Apr/2025:01:13:43 +0200] "GET /wp-includes/js/ HTTP/1.1" 301 162 "-" "-"
52.178.151.36 - - [03/Apr/2025:01:13:43 +0200] "GET /wp-includes/php-compat/ HTTP/1.1" 301 162 "-" "-"
52.178.151.36 - - [03/Apr/2025:01:13:43 +0200] "GET /wp-includes/PHPMailer/ HTTP/1.1" 301 162 "-" "-"
52.178.151.36 - - [03/Apr/2025:01:13:43 +0200] "GET /wp-includes/pomo/ HTTP/1.1" 301 162 "-" "-"
52.178.151.36 - - [03/Apr/2025:01:13:43 +0200] "GET /wp-includes/random_compat/ HTTP/1.1" 301 162 "-" "-"
52.178.151.36 - - [03/Apr/2025:01:13:43 +0200] "GET /wp-includes/Requests/ HTTP/1.1" 301 162 "-" "-"
52.178.151.36 - - [03/Apr/2025:01:13:43 +0200] "GET /wp-includes/rest-api/ HTTP/1.1" 301 162 "-" "-"
52.178.151.36 - - [03/Apr/2025:01:13:43 +0200] "GET /wp-includes/SimplePie/ HTTP/1.1" 301 162 "-" "-"
52.178.151.36 - - [03/Apr/2025:01:13:43 +0200] "GET /wp-includes/sitemaps/ HTTP/1.1" 301 162 "-" "-"
52.178.151.36 - - [03/Apr/2025:01:13:44 +0200] "GET /wp-includes/sodium_compat/ HTTP/1.1" 301 162 "-" "-"
52.178.151.36 - - [03/Apr/2025:01:13:44 +0200] "GET /wp-includes/style-engine/ HTTP/1.1" 301 162 "-" "-"
52.178.151.36 - - [03/Apr/2025:01:13:44 +0200] "GET /wp-includes/Text/ HTTP/1.1" 301 162 "-" "-"
52.178.151.36 - - [03/Apr/2025:01:13:44 +0200] "GET /wp-includes/theme-compat/ HTTP/1.1" 301 162 "-" "-"
52.178.151.36 - - [03/Apr/2025:01:13:44 +0200] "GET /wp-includes/widgets/ HTTP/1.1" 301 162 "-" "-"
52.178.151.36 - - [03/Apr/2025:01:13:44 +0200] "GET /wp-admin/css/colors/ectoplasm/ HTTP/1.1" 301 162 "-" "-"
52.178.151.36 - - [03/Apr/2025:01:13:44 +0200] "GET /wp-admin/css/colors/ HTTP/1.1" 301 162 "-" "-"
52.178.151.36 - - [03/Apr/2025:01:13:44 +0200] "GET /admin/images/slider/ HTTP/1.1" 301 162 "-" "-"
52.178.151.36 - - [03/Apr/2025:01:13:44 +0200] "GET /admin/fckeditor/editor/filemanager/ HTTP/1.1" 301 162 "-" "-"
52.178.151.36 - - [03/Apr/2025:01:13:45 +0200] "GET /sites/default/files/ HTTP/1.1" 301 162 "-" "-"
52.178.151.36 - - [03/Apr/2025:01:13:45 +0200] "GET /admin/controller/extension/extension/ HTTP/1.1" 301 162 "-" "-"
52.178.151.36 - - [03/Apr/2025:01:13:45 +0200] "GET /modules/mod_simplefileuploadv1.3/elements/ HTTP/1.1" 301 162 "-" "-"
52.178.151.36 - - [03/Apr/2025:01:13:45 +0200] "GET /components/ HTTP/1.1" 301 162 "-" "-"
52.178.151.36 - - [03/Apr/2025:01:13:45 +0200] "GET /admin/uploads/images/ HTTP/1.1" 301 162 "-" "-"
110.172.98.2 - - [03/Apr/2025:03:27:34 +0200] "GET / HTTP/1.1" 301 162 "-" "Mozilla/5.0 (Windows NT 10.0; Win64; x64) AppleWebKit/537.36 (KHTML, like Gecko) Chrome/79.0.3945.130 Safari/537.36"
107.22.43.37 - - [03/Apr/2025:19:36:01 +0200] "GET / HTTP/1.1" 301 162 "-" "Mozilla/5.0 (Macintosh; Intel Mac OS X 10_10_1) AppleWebKit/537.36 (KHTML, like Gecko) Chrome/41.0.2227.1 Safari/537.36"
100.26.215.243 - - [03/Apr/2025:19:53:53 +0200] "GET / HTTP/1.1" 301 162 "-" "Mozilla/5.0 (Macintosh; Intel Mac OS X 10_10_1) AppleWebKit/537.36 (KHTML, like Gecko) Chrome/41.0.2227.1 Safari/537.36"
110.172.98.2 - - [03/Apr/2025:21:18:19 +0200] "GET / HTTP/1.1" 301 162 "-" "Mozilla/5.0 (Windows NT 10.0; Win64; x64) AppleWebKit/537.36 (KHTML, like Gecko) Chrome/79.0.3945.130 Safari/537.36"
147.185.132.61 - - [04/Apr/2025:04:29:24 +0200] "GET / HTTP/1.1" 301 162 "-" "Expanse, a Palo Alto Networks company, searches across the global IPv4 space multiple times per day to identify customers' presences on the Internet. If you would like to be excluded from our scans, please send IP addresses/domains to: scaninfo@paloaltonetworks.com"
46.228.199.158 - - [04/Apr/2025:11:45:24 +0200] "GET / HTTP/1.1" 301 162 "-" "Mozilla/5.0 (Windows NT 10.0; Win64; x64) AppleWebKit/537.36 (KHTML, like Gecko) Chrome/91.0.4472.114 Safari/537.36 Edg/91.0.864.54"
46.8.225.111 - - [04/Apr/2025:22:22:51 +0200] "GET / HTTP/1.1" 301 162 "-" "Mozilla/5.0 (Macintosh; Intel Mac OS X 10_15_7) AppleWebKit/605.1.15 (KHTML, like Gecko) Version/18.3.1 Safari/605.1.15"
46.8.225.111 - - [04/Apr/2025:22:22:57 +0200] "GET / HTTP/1.1" 301 162 "-" "Mozilla/5.0 (Macintosh; Intel Mac OS X 10_15_7) AppleWebKit/605.1.15 (KHTML, like Gecko) Version/18.2 Safari/605.1.15"
110.172.98.2 - - [05/Apr/2025:12:13:15 +0200] "GET / HTTP/1.1" 301 162 "-" "Mozilla/5.0 (Windows NT 10.0; Win64; x64) AppleWebKit/537.36 (KHTML, like Gecko) Chrome/79.0.3945.130 Safari/537.36"
198.235.24.56 - - [05/Apr/2025:16:36:00 +0200] "GET / HTTP/1.1" 301 162 "-" "-"
27.115.124.70 - - [05/Apr/2025:21:59:43 +0200] "GET / HTTP/1.1" 301 162 "-" "Mozilla/5.0 (Linux; Android 11; CPH2185) AppleWebKit/537.36 (KHTML, like Gecko) Chrome/91.0.4472.101 Mobile Safari/537.36"
110.172.98.2 - - [06/Apr/2025:08:45:28 +0200] "GET / HTTP/1.1" 301 162 "-" "Mozilla/5.0 (Windows NT 10.0; Win64; x64) AppleWebKit/537.36 (KHTML, like Gecko) Chrome/79.0.3945.130 Safari/537.36"
111.7.106.106 - - [07/Apr/2025:04:26:41 +0200] "GET / HTTP/1.1" 301 162 "-" "Mozilla/5.0 (Macintosh; Intel Mac OS X 10_15_7) AppleWebKit/537.36 (KHTML, like Gecko) Chrome/96.0.4664.110 Safari/537.36"
111.7.106.107 - - [07/Apr/2025:04:26:43 +0200] "GET / HTTP/1.1" 301 162 "-" "Mozilla/5.0 (Macintosh; Intel Mac OS X 11_0_0) AppleWebKit/537.36 (KHTML, like Gecko) Chrome/87.0.4280.88 Safari/537.36"
142.93.223.4 - - [07/Apr/2025:05:41:50 +0200] "GET / HTTP/1.1" 301 162 "-" "Mozilla/5.0 (compatible)"
142.93.223.4 - - [07/Apr/2025:05:41:50 +0200] "GET /ads.txt HTTP/1.1" 301 162 "-" "Mozilla/5.0 (compatible)"
110.172.98.2 - - [07/Apr/2025:10:08:30 +0200] "GET / HTTP/1.1" 301 162 "-" "Mozilla/5.0 (Windows NT 10.0; Win64; x64) AppleWebKit/537.36 (KHTML, like Gecko) Chrome/79.0.3945.130 Safari/537.36"
82.165.125.50 - - [07/Apr/2025:11:10:58 +0200] "GET / HTTP/1.1" 301 162 "-" "python-requests/2.27.1"
198.235.24.204 - - [08/Apr/2025:00:57:35 +0200] "GET / HTTP/1.1" 301 162 "-" "Expanse, a Palo Alto Networks company, searches across the global IPv4 space multiple times per day to identify customers' presences on the Internet. If you would like to be excluded from our scans, please send IP addresses/domains to: scaninfo@paloaltonetworks.com"
110.172.98.2 - - [08/Apr/2025:03:19:44 +0200] "GET / HTTP/1.1" 301 162 "-" "Mozilla/5.0 (Windows NT 10.0; Win64; x64) AppleWebKit/537.36 (KHTML, like Gecko) Chrome/79.0.3945.130 Safari/537.36"
199.244.88.223 - - [08/Apr/2025:05:51:33 +0200] "GET / HTTP/1.1" 301 162 "-" "Mozilla/5.0 (X11; Linux x86_64) AppleWebKit/537.36 (KHTML, like Gecko) Chrome/105.0.0.0 Safari/537.36"
143.110.186.83 - - [08/Apr/2025:10:28:20 +0200] "GET / HTTP/1.1" 301 162 "-" "Mozilla/5.0 (compatible)"
3.91.76.66 - - [08/Apr/2025:11:58:28 +0200] "GET / HTTP/1.1" 301 162 "-" "Mozilla/5.0 (Macintosh; Intel Mac OS X 10_10_1) AppleWebKit/537.36 (KHTML, like Gecko) Chrome/41.0.2227.1 Safari/537.36"
3.81.18.117 - - [08/Apr/2025:12:06:52 +0200] "GET / HTTP/1.1" 301 162 "-" "Mozilla/5.0 (Macintosh; Intel Mac OS X 10_10_1) AppleWebKit/537.36 (KHTML, like Gecko) Chrome/41.0.2227.1 Safari/537.36"
107.23.248.31 - - [08/Apr/2025:12:27:14 +0200] "GET / HTTP/1.1" 301 162 "-" "Mozilla/5.0 (Macintosh; Intel Mac OS X 10_10_1) AppleWebKit/537.36 (KHTML, like Gecko) Chrome/41.0.2227.1 Safari/537.36"
34.201.134.44 - - [08/Apr/2025:14:01:46 +0200] "GET / HTTP/1.1" 301 162 "-" "Mozilla/5.0 (Macintosh; Intel Mac OS X 10_10_1) AppleWebKit/537.36 (KHTML, like Gecko) Chrome/41.0.2227.1 Safari/537.36"
54.210.135.137 - - [08/Apr/2025:14:22:41 +0200] "GET / HTTP/1.1" 301 162 "-" "Mozilla/5.0 (Macintosh; Intel Mac OS X 10_10_1) AppleWebKit/537.36 (KHTML, like Gecko) Chrome/41.0.2227.1 Safari/537.36"
110.172.98.2 - - [08/Apr/2025:16:17:06 +0200] "GET / HTTP/1.1" 301 162 "-" "Mozilla/5.0 (Windows NT 10.0; Win64; x64) AppleWebKit/537.36 (KHTML, like Gecko) Chrome/79.0.3945.130 Safari/537.36"
15.204.183.221 - - [09/Apr/2025:16:42:24 +0200] "GET / HTTP/1.1" 301 162 "-" "Mozilla/5.0 (Macintosh; Intel Mac OS X 10_15_7) AppleWebKit/537.36 (KHTML, like Gecko) Chrome/128.0.0.0 Safari/537.36"
15.204.183.221 - - [09/Apr/2025:16:42:26 +0200] "GET / HTTP/1.1" 301 162 "-" "Mozilla/5.0 (Macintosh; Intel Mac OS X 10_15_7) AppleWebKit/537.36 (KHTML, like Gecko) Chrome/128.0.0.0 Safari/537.36"
110.172.98.2 - - [09/Apr/2025:21:06:53 +0200] "GET / HTTP/1.1" 301 162 "-" "Mozilla/5.0 (Windows NT 10.0; Win64; x64) AppleWebKit/537.36 (KHTML, like Gecko) Chrome/79.0.3945.130 Safari/537.36"
62.141.44.236 - - [11/Apr/2025:04:48:45 +0200] "GET / HTTP/1.1" 301 162 "-" "Mozilla/5.0 (Windows NT 10.0; Win64; x64) AppleWebKit/537.36 (KHTML, like Gecko) Chrome/91.0.4472.114 Safari/537.36 Edg/91.0.864.54"
196.251.118.228 - - [11/Apr/2025:06:04:18 +0200] "GET /.env HTTP/1.1" 301 162 "-" "Mozilla/5.0 (Macintosh; Intel Mac OS X 10.15; rv:77.0) Gecko/20100101 Firefox/77.0"
110.172.98.2 - - [11/Apr/2025:12:57:32 +0200] "GET / HTTP/1.1" 301 162 "-" "Mozilla/5.0 (Windows NT 10.0; Win64; x64) AppleWebKit/537.36 (KHTML, like Gecko) Chrome/79.0.3945.130 Safari/537.36"
110.172.98.2 - - [11/Apr/2025:14:42:37 +0200] "GET / HTTP/1.1" 301 162 "-" "Mozilla/5.0 (Windows NT 10.0; Win64; x64) AppleWebKit/537.36 (KHTML, like Gecko) Chrome/79.0.3945.130 Safari/537.36"
110.172.98.2 - - [11/Apr/2025:20:13:56 +0200] "GET / HTTP/1.1" 301 162 "-" "Mozilla/5.0 (Windows NT 10.0; Win64; x64) AppleWebKit/537.36 (KHTML, like Gecko) Chrome/79.0.3945.130 Safari/537.36"
110.172.98.2 - - [12/Apr/2025:20:45:02 +0200] "GET / HTTP/1.1" 301 162 "-" "Mozilla/5.0 (Windows NT 10.0; Win64; x64) AppleWebKit/537.36 (KHTML, like Gecko) Chrome/79.0.3945.130 Safari/537.36"
34.1.27.103 - - [13/Apr/2025:10:01:51 +0200] "GET / HTTP/1.1" 301 162 "-" "Mozilla/5.0 (Windows NT 10.0; Win64; x64) AppleWebKit/537.36 (KHTML, like Gecko; compatible; BW/1.3; rb.gy/qyzae5) Chrome/124.0.0.0 Safari/537.36"
54.164.111.1 - - [13/Apr/2025:12:03:54 +0200] "GET / HTTP/1.1" 301 162 "-" "Mozilla/5.0 (Macintosh; Intel Mac OS X 10_10_1) AppleWebKit/537.36 (KHTML, like Gecko) Chrome/41.0.2227.1 Safari/537.36"
3.86.229.94 - - [13/Apr/2025:12:30:23 +0200] "GET / HTTP/1.1" 301 162 "-" "Mozilla/5.0 (Macintosh; Intel Mac OS X 10_10_1) AppleWebKit/537.36 (KHTML, like Gecko) Chrome/41.0.2227.1 Safari/537.36"
52.86.183.217 - - [13/Apr/2025:13:04:08 +0200] "GET / HTTP/1.1" 301 162 "-" "Mozilla/5.0 (Macintosh; Intel Mac OS X 10_10_1) AppleWebKit/537.36 (KHTML, like Gecko) Chrome/41.0.2227.1 Safari/537.36"
3.86.229.94 - - [13/Apr/2025:14:56:23 +0200] "GET / HTTP/1.1" 301 162 "-" "Mozilla/5.0 (Macintosh; Intel Mac OS X 10_10_1) AppleWebKit/537.36 (KHTML, like Gecko) Chrome/41.0.2227.1 Safari/537.36"
34.202.164.22 - - [13/Apr/2025:16:24:44 +0200] "GET / HTTP/1.1" 301 162 "-" "Mozilla/5.0 (Macintosh; Intel Mac OS X 10_10_1) AppleWebKit/537.36 (KHTML, like Gecko) Chrome/41.0.2227.1 Safari/537.36"
34.202.164.22 - - [13/Apr/2025:17:02:03 +0200] "GET / HTTP/1.1" 301 162 "-" "Mozilla/5.0 (Macintosh; Intel Mac OS X 10_10_1) AppleWebKit/537.36 (KHTML, like Gecko) Chrome/41.0.2227.1 Safari/537.36"
110.172.98.2 - - [13/Apr/2025:18:19:03 +0200] "GET / HTTP/1.1" 301 162 "-" "Mozilla/5.0 (Windows NT 10.0; Win64; x64) AppleWebKit/537.36 (KHTML, like Gecko) Chrome/79.0.3945.130 Safari/537.36"
18.206.196.177 - - [13/Apr/2025:19:09:27 +0200] "GET / HTTP/1.1" 301 162 "-" "Mozilla/5.0 (Macintosh; Intel Mac OS X 10_10_1) AppleWebKit/537.36 (KHTML, like Gecko) Chrome/41.0.2227.1 Safari/537.36"
18.206.196.177 - - [13/Apr/2025:19:28:17 +0200] "GET / HTTP/1.1" 301 162 "-" "Mozilla/5.0 (Macintosh; Intel Mac OS X 10_10_1) AppleWebKit/537.36 (KHTML, like Gecko) Chrome/41.0.2227.1 Safari/537.36"
172.172.33.130 - - [13/Apr/2025:23:50:50 +0200] "GET /wp-content/plugins/hellopress/wp_filemanager.php HTTP/1.1" 301 162 "-" "-"
110.172.98.2 - - [14/Apr/2025:00:03:51 +0200] "GET / HTTP/1.1" 301 162 "-" "Mozilla/5.0 (Windows NT 10.0; Win64; x64) AppleWebKit/537.36 (KHTML, like Gecko) Chrome/79.0.3945.130 Safari/537.36"
130.89.144.168 - - [14/Apr/2025:14:46:02 +0200] "GET /robots.txt HTTP/1.1" 301 162 "-" "OI-Crawler/Nutch (https://openintel.nl/webcrawl/)"
130.89.144.168 - - [14/Apr/2025:14:46:03 +0200] "GET / HTTP/1.1" 301 162 "-" "OI-Crawler/Nutch (https://openintel.nl/webcrawl/)"
110.172.98.2 - - [14/Apr/2025:19:11:32 +0200] "GET / HTTP/1.1" 301 162 "-" "Mozilla/5.0 (Windows NT 10.0; Win64; x64) AppleWebKit/537.36 (KHTML, like Gecko) Chrome/79.0.3945.130 Safari/537.36"
110.172.98.2 - - [14/Apr/2025:22:47:27 +0200] "GET / HTTP/1.1" 301 162 "-" "Mozilla/5.0 (Windows NT 10.0; Win64; x64) AppleWebKit/537.36 (KHTML, like Gecko) Chrome/79.0.3945.130 Safari/537.36"
205.210.31.19 - - [15/Apr/2025:09:11:01 +0200] "GET / HTTP/1.1" 301 162 "-" "Expanse, a Palo Alto Networks company, searches across the global IPv4 space multiple times per day to identify customers' presences on the Internet. If you would like to be excluded from our scans, please send IP addresses/domains to: scaninfo@paloaltonetworks.com"
198.235.24.185 - - [15/Apr/2025:17:22:04 +0200] "GET / HTTP/1.1" 301 162 "-" "Expanse, a Palo Alto Networks company, searches across the global IPv4 space multiple times per day to identify customers' presences on the Internet. If you would like to be excluded from our scans, please send IP addresses/domains to: scaninfo@paloaltonetworks.com"
110.172.98.2 - - [16/Apr/2025:14:41:18 +0200] "GET / HTTP/1.1" 301 162 "-" "Mozilla/5.0 (Windows NT 10.0; Win64; x64) AppleWebKit/537.36 (KHTML, like Gecko) Chrome/79.0.3945.130 Safari/537.36"
110.172.98.2 - - [16/Apr/2025:20:07:12 +0200] "GET / HTTP/1.1" 301 162 "-" "Mozilla/5.0 (Windows NT 10.0; Win64; x64) AppleWebKit/537.36 (KHTML, like Gecko) Chrome/79.0.3945.130 Safari/537.36"
13.79.153.88 - - [16/Apr/2025:21:56:25 +0200] "GET /wp-content/plugins/hellopress/wp_filemanager.php HTTP/1.1" 301 162 "-" "-"
130.211.196.189 - - [17/Apr/2025:07:38:03 +0200] "GET / HTTP/1.1" 301 162 "-" "Mozilla/5.0 (Windows NT 10.0; Win64; x64) AppleWebKit/537.36 (KHTML, like Gecko) Chrome/91.0.4472.124 Safari/537.36"
130.211.196.189 - - [17/Apr/2025:07:38:05 +0200] "GET / HTTP/1.1" 301 162 "-" "Mozilla/5.0 (Windows NT 10.0; Win64; x64) AppleWebKit/537.36 (KHTML, like Gecko) Chrome/91.0.4472.124 Safari/537.36"
130.211.196.189 - - [17/Apr/2025:07:38:07 +0200] "GET / HTTP/1.1" 301 162 "-" "Mozilla/5.0 (Windows NT 10.0; Win64; x64) AppleWebKit/537.36 (KHTML, like Gecko) Chrome/91.0.4472.124 Safari/537.36"
157.173.122.176 - - [17/Apr/2025:19:02:19 +0200] "GET / HTTP/1.1" 301 162 "-" "Mozilla/5.0 (Windows NT 10.0; Win64; x64) AppleWebKit/537.36 (KHTML, like Gecko) Chrome/91.0.4472.114 Safari/537.36 Edg/91.0.864.54"
110.172.98.2 - - [17/Apr/2025:21:47:47 +0200] "GET / HTTP/1.1" 301 162 "-" "Mozilla/5.0 (Windows NT 10.0; Win64; x64) AppleWebKit/537.36 (KHTML, like Gecko) Chrome/79.0.3945.130 Safari/537.36"
124.236.100.56 - - [18/Apr/2025:08:54:05 +0200] "GET / HTTP/1.1" 301 162 "-" "Mozilla/5.0 (Macintosh; Intel Mac OS X 10_9_3) AppleWebKit/537.75.14 (KHTML, like Gecko) Version/7.0.3 Safari/7046A194A"
124.236.100.56 - - [18/Apr/2025:08:54:05 +0200] "GET / HTTP/1.1" 301 162 "-" "Mozilla/5.0 (Windows NT 6.1; Win64; x64; rv:52.0) Gecko/20100101 Firefox/52.0"
124.236.100.56 - - [18/Apr/2025:10:18:02 +0200] "GET / HTTP/1.1" 301 162 "-" "Mozilla/5.0 (Macintosh; Intel Mac OS X 10_10_3) AppleWebKit/600.5.17 (KHTML, like Gecko) Version/8.0.5 Safari/600.5.17"
124.236.100.56 - - [18/Apr/2025:10:18:03 +0200] "GET / HTTP/1.1" 301 162 "-" "Mozilla/5.0 (X11; Linux x86_64) AppleWebKit/537.36 (KHTML, like Gecko) Chrome/60.0.3112.78 Safari/537.36"
196.251.86.86 - - [18/Apr/2025:14:18:45 +0200] "GET / HTTP/1.1" 301 162 "-" "-"
44.201.139.157 - - [18/Apr/2025:15:43:15 +0200] "GET / HTTP/1.1" 301 162 "-" "Mozilla/5.0 (Macintosh; Intel Mac OS X 10_10_1) AppleWebKit/537.36 (KHTML, like Gecko) Chrome/41.0.2227.1 Safari/537.36"
205.210.31.130 - - [18/Apr/2025:16:27:27 +0200] "GET / HTTP/1.1" 301 162 "-" "Expanse, a Palo Alto Networks company, searches across the global IPv4 space multiple times per day to identify customers' presences on the Internet. If you would like to be excluded from our scans, please send IP addresses/domains to: scaninfo@paloaltonetworks.com"
52.87.172.196 - - [18/Apr/2025:17:40:20 +0200] "GET / HTTP/1.1" 301 162 "-" "Mozilla/5.0 (Macintosh; Intel Mac OS X 10_10_1) AppleWebKit/537.36 (KHTML, like Gecko) Chrome/41.0.2227.1 Safari/537.36"
44.201.139.157 - - [18/Apr/2025:19:25:04 +0200] "GET / HTTP/1.1" 301 162 "-" "Mozilla/5.0 (Macintosh; Intel Mac OS X 10_10_1) AppleWebKit/537.36 (KHTML, like Gecko) Chrome/41.0.2227.1 Safari/537.36"
52.86.184.63 - - [18/Apr/2025:19:33:50 +0200] "GET / HTTP/1.1" 301 162 "-" "Mozilla/5.0 (Macintosh; Intel Mac OS X 10_10_1) AppleWebKit/537.36 (KHTML, like Gecko) Chrome/41.0.2227.1 Safari/537.36"
52.87.172.196 - - [18/Apr/2025:21:01:32 +0200] "GET / HTTP/1.1" 301 162 "-" "Mozilla/5.0 (Macintosh; Intel Mac OS X 10_10_1) AppleWebKit/537.36 (KHTML, like Gecko) Chrome/41.0.2227.1 Safari/537.36"
54.210.147.181 - - [19/Apr/2025:03:07:56 +0200] "GET / HTTP/1.1" 301 162 "-" "Mozilla/5.0 (Macintosh; Intel Mac OS X 10_10_1) AppleWebKit/537.36 (KHTML, like Gecko) Chrome/41.0.2227.1 Safari/537.36"
110.172.98.2 - - [19/Apr/2025:03:46:06 +0200] "GET / HTTP/1.1" 301 162 "-" "Mozilla/5.0 (Windows NT 10.0; Win64; x64) AppleWebKit/537.36 (KHTML, like Gecko) Chrome/79.0.3945.130 Safari/537.36"
52.90.134.0 - - [19/Apr/2025:04:15:44 +0200] "GET / HTTP/1.1" 301 162 "-" "Mozilla/5.0 (Macintosh; Intel Mac OS X 10_10_1) AppleWebKit/537.36 (KHTML, like Gecko) Chrome/41.0.2227.1 Safari/537.36"
198.235.24.32 - - [19/Apr/2025:11:18:07 +0200] "GET / HTTP/1.1" 301 162 "-" "-"
198.235.24.70 - - [19/Apr/2025:14:58:49 +0200] "GET / HTTP/1.1" 301 162 "-" "Expanse, a Palo Alto Networks company, searches across the global IPv4 space multiple times per day to identify customers' presences on the Internet. If you would like to be excluded from our scans, please send IP addresses/domains to: scaninfo@paloaltonetworks.com"
205.185.125.63 - - [20/Apr/2025:09:53:01 +0200] "GET / HTTP/1.1" 301 162 "-" "Mozilla/5.0 (Windows NT 10.0; Win64; x64) AppleWebKit/537.36 (KHTML, like Gecko) Chrome/134.0.0.0 Safari/537.36"
205.185.125.63 - - [20/Apr/2025:09:53:04 +0200] "GET / HTTP/1.1" 301 162 "-" "Mozilla/5.0 (Windows NT 10.0; Win64; x64) AppleWebKit/537.36 (KHTML, like Gecko) Chrome/134.0.0.0 Safari/537.36"
124.236.100.56 - - [20/Apr/2025:12:26:27 +0200] "GET / HTTP/1.1" 301 162 "-" "Mozilla/5.0 (X11; Linux x86_64) AppleWebKit/537.36 (KHTML, like Gecko) Chrome/60.0.3112.113 Safari/537.36"
198.235.24.183 - - [20/Apr/2025:13:41:36 +0200] "GET / HTTP/1.1" 301 162 "-" "-"
110.172.98.2 - - [21/Apr/2025:02:47:23 +0200] "GET / HTTP/1.1" 301 162 "-" "Mozilla/5.0 (Windows NT 10.0; Win64; x64) AppleWebKit/537.36 (KHTML, like Gecko) Chrome/79.0.3945.130 Safari/537.36"
188.166.170.227 - - [21/Apr/2025:13:17:48 +0200] "GET / HTTP/1.1" 301 162 "-" "Mozilla/5.0 (compatible)"
188.166.170.227 - - [21/Apr/2025:13:17:48 +0200] "GET /ads.txt HTTP/1.1" 301 162 "-" "Mozilla/5.0 (compatible)"
174.138.32.89 - - [21/Apr/2025:13:27:33 +0200] "GET /wp-content/plugins/suretriggers/readme.txt HTTP/1.1" 301 162 "-" "Mozilla/5.0 (Linux; Android 7.0; SM-G892A) AppleWebKit/537.36 (KHTML, like Gecko) Chrome/60.0.3112.107 Mobile Safari/537.36"
124.236.100.56 - - [22/Apr/2025:06:55:31 +0200] "GET / HTTP/1.1" 301 162 "-" "Mozilla/5.0 (Windows NT 6.1; Win64; x64) AppleWebKit/537.36 (KHTML, like Gecko) Chrome/59.0.3071.115 Safari/537.36"
124.236.100.56 - - [22/Apr/2025:06:55:31 +0200] "GET / HTTP/1.1" 301 162 "-" "Mozilla/5.0 (X11; Linux x86_64; rv:17.0) Gecko/20121202 Firefox/17.0 Iceweasel/17.0.1"
110.172.98.2 - - [22/Apr/2025:16:23:38 +0200] "GET / HTTP/1.1" 301 162 "-" "Mozilla/5.0 (Windows NT 10.0; Win64; x64) AppleWebKit/537.36 (KHTML, like Gecko) Chrome/79.0.3945.130 Safari/537.36"
52.169.121.134 - - [22/Apr/2025:20:33:47 +0200] "GET /wp-content/plugins/hellopress/wp_filemanager.php HTTP/1.1" 301 162 "-" "-"
34.19.92.147 - - [22/Apr/2025:22:35:09 +0200] "GET /media/system/js/core.js HTTP/1.1" 301 162 "-" "Mozilla/5.0 (Macintosh; Intel Mac OS X 10_10_1) AppleWebKit/537.36 (KHTML, like Gecko) Chrome/39.0.2171.95 Safari/537.36"
13.94.97.2 - - [23/Apr/2025:08:16:11 +0200] "GET /wp-content/plugins/hellopress/wp_filemanager.php HTTP/1.1" 301 162 "-" "-"
199.244.88.221 - - [23/Apr/2025:08:35:16 +0200] "GET / HTTP/1.1" 301 162 "-" "Mozilla/5.0 (X11; Linux x86_64) AppleWebKit/537.36 (KHTML, like Gecko) Chrome/105.0.0.0 Safari/537.36"
54.211.10.75 - - [23/Apr/2025:12:11:33 +0200] "GET / HTTP/1.1" 301 162 "-" "Mozilla/5.0 (Macintosh; Apple Silicon Mac OS X 14_3_1) AppleWebKit/537.36 (KHTML, like Gecko) Chrome/134.0.6998.166 Safari/537.36"
110.172.98.2 - - [23/Apr/2025:14:16:43 +0200] "GET / HTTP/1.1" 301 162 "-" "Mozilla/5.0 (Windows NT 10.0; Win64; x64) AppleWebKit/537.36 (KHTML, like Gecko) Chrome/79.0.3945.130 Safari/537.36"
54.198.185.37 - - [23/Apr/2025:14:30:20 +0200] "GET / HTTP/1.1" 301 162 "-" "Mozilla/5.0 (Macintosh; Apple Silicon Mac OS X 14_3_1) AppleWebKit/537.36 (KHTML, like Gecko) Chrome/134.0.6998.166 Safari/537.36"
44.203.181.173 - - [23/Apr/2025:15:09:34 +0200] "GET / HTTP/1.1" 301 162 "-" "Mozilla/5.0 (Macintosh; Apple Silicon Mac OS X 14_3_1) AppleWebKit/537.36 (KHTML, like Gecko) Chrome/134.0.6998.166 Safari/537.36"
54.83.120.57 - - [23/Apr/2025:17:31:42 +0200] "GET / HTTP/1.1" 301 162 "-" "Mozilla/5.0 (Macintosh; Apple Silicon Mac OS X 14_3_1) AppleWebKit/537.36 (KHTML, like Gecko) Chrome/134.0.6998.166 Safari/537.36"
110.172.98.2 - - [24/Apr/2025:02:11:29 +0200] "GET / HTTP/1.1" 301 162 "-" "Mozilla/5.0 (Windows NT 10.0; Win64; x64) AppleWebKit/537.36 (KHTML, like Gecko) Chrome/79.0.3945.130 Safari/537.36"
110.172.98.2 - - [24/Apr/2025:02:24:21 +0200] "GET / HTTP/1.1" 301 162 "-" "Mozilla/5.0 (Windows NT 10.0; Win64; x64) AppleWebKit/537.36 (KHTML, like Gecko) Chrome/79.0.3945.130 Safari/537.36"
124.236.100.56 - - [24/Apr/2025:12:04:05 +0200] "GET / HTTP/1.1" 301 162 "-" "Mozilla/5.0 (X11; Linux x86_64; rv:55.0) Gecko/20100101 Firefox/55.0"
124.236.100.56 - - [24/Apr/2025:12:04:06 +0200] "GET / HTTP/1.1" 301 162 "-" "Mozilla/5.0 (X11; Linux x86_64; rv:57.0) Gecko/20100101 Firefox/57.0"
98.83.134.3 - - [24/Apr/2025:13:24:14 +0200] "GET / HTTP/1.1" 301 162 "-" "Mozilla/5.0 (Macintosh; Intel Mac OS X 10_15_7) AppleWebKit/537.36 (KHTML, like Gecko) Chrome/135.0.0.0 Safari/537.36"
51.15.9.50 - - [24/Apr/2025:17:52:17 +0200] "GET / HTTP/1.1" 301 162 "-" "Mozilla/5.0 (compatible; SeoLyt/1.0; +https://seolyt.com)"
110.172.98.2 - - [24/Apr/2025:23:45:47 +0200] "GET / HTTP/1.1" 301 162 "-" "Mozilla/5.0 (Windows NT 10.0; Win64; x64) AppleWebKit/537.36 (KHTML, like Gecko) Chrome/79.0.3945.130 Safari/537.36"
111.7.96.176 - - [25/Apr/2025:10:27:07 +0200] "GET / HTTP/1.1" 301 162 "-" "Mozilla/5.0 (Macintosh; Intel Mac OS X 10_15_7) AppleWebKit/537.36 (KHTML, like Gecko) Chrome/96.0.4664.110 Safari/537.36"
111.7.96.176 - - [25/Apr/2025:10:27:09 +0200] "GET / HTTP/1.1" 301 162 "-" "Mozilla/5.0 (Macintosh; Intel Mac OS X 11_0_0) AppleWebKit/537.36 (KHTML, like Gecko) Chrome/87.0.4280.88 Safari/537.36"
46.228.199.158 - - [25/Apr/2025:15:30:51 +0200] "GET / HTTP/1.1" 301 162 "-" "Mozilla/5.0 (Windows NT 10.0; Win64; x64) AppleWebKit/537.36 (KHTML, like Gecko) Chrome/91.0.4472.114 Safari/537.36 Edg/91.0.864.54"
92.223.86.12 - - [25/Apr/2025:22:31:17 +0200] "GET / HTTP/1.1" 301 162 "-" "Mozilla/5.0 (Windows NT 10.0; Win64; x64) AppleWebKit/537.36 (KHTML, like Gecko) Chrome/58.0.3029.110 Safari/537.3"
3.231.25.149 - - [25/Apr/2025:23:09:46 +0200] "GET / HTTP/1.1" 301 162 "-" "Mozilla/5.0 (Macintosh; Intel Mac OS X 10_15_7) AppleWebKit/537.36 (KHTML, like Gecko) Chrome/135.0.0.0 Safari/537.36"
13.94.97.2 - - [26/Apr/2025:03:19:54 +0200] "GET /wp-content/plugins/hellopress/wp_filemanager.php HTTP/1.1" 301 162 "-" "-"
124.236.100.56 - - [26/Apr/2025:09:03:24 +0200] "GET / HTTP/1.1" 301 162 "-" "Mozilla/5.0 (Macintosh; Intel Mac OS X 10_11_6) AppleWebKit/537.36 (KHTML, like Gecko) Chrome/60.0.3112.113 Safari/537.36"
124.236.100.56 - - [26/Apr/2025:09:03:25 +0200] "GET / HTTP/1.1" 301 162 "-" "Mozilla/5.0 (Windows NT 6.1; Win64; x64) AppleWebKit/537.36 (KHTML, like Gecko) Chrome/61.0.3163.91 Safari/537.36"
143.244.57.86 - - [26/Apr/2025:18:20:39 +0200] "GET / HTTP/1.1" 301 162 "-" "Mozilla/5.0 (Windows NT 10.0; Win64; x64) AppleWebKit/537.36 (KHTML, like Gecko) Chrome/78.0.3904.108 Safari/537.36"
23.137.100.52 - - [27/Apr/2025:20:54:13 +0200] "GET / HTTP/1.1" 301 162 "-" "-"
52.87.202.223 - - [28/Apr/2025:10:34:50 +0200] "GET / HTTP/1.1" 301 162 "-" "Mozilla/5.0 (Macintosh; Apple Silicon Mac OS X 14_3_1) AppleWebKit/537.36 (KHTML, like Gecko) Chrome/134.0.6998.166 Safari/537.36"
100.24.244.222 - - [28/Apr/2025:12:21:33 +0200] "GET / HTTP/1.1" 301 162 "-" "Mozilla/5.0 (Macintosh; Apple Silicon Mac OS X 14_3_1) AppleWebKit/537.36 (KHTML, like Gecko) Chrome/134.0.6998.166 Safari/537.36"
52.87.202.223 - - [28/Apr/2025:12:53:39 +0200] "GET / HTTP/1.1" 301 162 "-" "Mozilla/5.0 (Macintosh; Apple Silicon Mac OS X 14_3_1) AppleWebKit/537.36 (KHTML, like Gecko) Chrome/134.0.6998.166 Safari/537.36"
54.209.236.163 - - [28/Apr/2025:13:59:30 +0200] "GET / HTTP/1.1" 301 162 "-" "Mozilla/5.0 (Macintosh; Apple Silicon Mac OS X 14_3_1) AppleWebKit/537.36 (KHTML, like Gecko) Chrome/134.0.6998.166 Safari/537.36"
54.235.26.184 - - [28/Apr/2025:14:29:02 +0200] "GET / HTTP/1.1" 301 162 "-" "Mozilla/5.0 (Macintosh; Apple Silicon Mac OS X 14_3_1) AppleWebKit/537.36 (KHTML, like Gecko) Chrome/134.0.6998.166 Safari/537.36"
18.201.36.211 - - [29/Apr/2025:19:39:36 +0200] "GET /robots.txt HTTP/1.1" 301 162 "-" "Pandalytics/2.0 (https://domainsbot.com/pandalytics/)"
18.201.36.211 - - [29/Apr/2025:19:39:37 +0200] "GET / HTTP/1.1" 301 162 "-" "Pandalytics/2.0 (https://domainsbot.com/pandalytics/)"
91.200.15.2 - - [29/Apr/2025:23:06:00 +0200] "GET / HTTP/1.1" 301 162 "-" "Mozilla/5.0 (Windows NT 10.0; Win64; x64) AppleWebKit/537.36 (KHTML, like Gecko) Chrome/91.0.4472.124 Safari/537.36"
52.32.234.235 - - [30/Apr/2025:10:59:51 +0200] "GET / HTTP/1.1" 301 162 "-" "Mozilla/5.0 (X11; Linux x86_64) AppleWebKit/537.36 (KHTML, like Gecko) Chrome/83.0.4103.97 Safari/537.36"
52.169.23.239 - - [30/Apr/2025:15:58:40 +0200] "GET /wp-content/plugins/hellopress/wp_filemanager.php HTTP/1.1" 301 162 "-" "-"
144.91.110.164 - - [01/May/2025:02:50:07 +0200] "GET / HTTP/1.1" 301 162 "-" "python-requests/2.32.3"
110.172.98.2 - - [01/May/2025:03:54:44 +0200] "GET / HTTP/1.1" 301 162 "-" "Mozilla/5.0 (Windows NT 10.0; Win64; x64) AppleWebKit/537.36 (KHTML, like Gecko) Chrome/79.0.3945.130 Safari/537.36"
87.236.176.253 - - [01/May/2025:12:04:36 +0200] "GET / HTTP/1.1" 301 162 "-" "Mozilla/5.0 (compatible; InternetMeasurement/1.0; +https://internet-measurement.com/)"
110.172.98.2 - - [01/May/2025:23:58:21 +0200] "GET / HTTP/1.1" 301 162 "-" "Mozilla/5.0 (Windows NT 10.0; Win64; x64) AppleWebKit/537.36 (KHTML, like Gecko) Chrome/79.0.3945.130 Safari/537.36"
98.80.230.96 - - [02/May/2025:07:24:54 +0200] "GET /robots.txt HTTP/1.1" 301 162 "-" "Mozilla/5.0 (Macintosh; Intel Mac OS X 10_15_7) AppleWebKit/537.36 (KHTML, like Gecko) Chrome/108.0.0.0 Safari/537.36"
98.80.230.96 - - [02/May/2025:07:36:23 +0200] "GET / HTTP/1.1" 301 162 "-" "Mozilla/5.0 (Macintosh; Intel Mac OS X 10_15_7) AppleWebKit/537.36 (KHTML, like Gecko) Chrome/108.0.0.0 Safari/537.36"
198.44.191.190 - - [02/May/2025:08:38:11 +0200] "GET / HTTP/1.1" 301 162 "-" "Mozilla/5.0 (Windows NT 10.0; Win64; x64) AppleWebKit/537.36 (KHTML, like Gecko) Chrome/80.0.3987.149 Safari/537.36"
110.172.98.2 - - [02/May/2025:19:42:49 +0200] "GET / HTTP/1.1" 301 162 "-" "Mozilla/5.0 (Windows NT 10.0; Win64; x64) AppleWebKit/537.36 (KHTML, like Gecko) Chrome/79.0.3945.130 Safari/537.36"
152.53.225.138 - - [03/May/2025:04:30:44 +0200] "GET /style.php HTTP/1.1" 301 162 "www.google.com" "Mozlila/5.0 (Linux; Android 7.0; SM-G892A Bulid/NRD90M; wv) AppleWebKit/537.36 (KHTML, like Gecko) Version/4.0 Chrome/60.0.3112.107 Moblie Safari/537.36"
110.172.98.2 - - [03/May/2025:04:56:19 +0200] "GET / HTTP/1.1" 301 162 "-" "Mozilla/5.0 (Windows NT 10.0; Win64; x64) AppleWebKit/537.36 (KHTML, like Gecko) Chrome/79.0.3945.130 Safari/537.36"
34.205.146.95 - - [03/May/2025:10:54:03 +0200] "GET / HTTP/1.1" 301 162 "-" "Mozilla/5.0 (Macintosh; Apple Silicon Mac OS X 14_3_1) AppleWebKit/537.36 (KHTML, like Gecko) Chrome/134.0.6998.166 Safari/537.36"
34.229.239.212 - - [03/May/2025:13:02:48 +0200] "GET / HTTP/1.1" 301 162 "-" "Mozilla/5.0 (Macintosh; Apple Silicon Mac OS X 14_3_1) AppleWebKit/537.36 (KHTML, like Gecko) Chrome/134.0.6998.166 Safari/537.36"
3.83.178.124 - - [03/May/2025:13:13:30 +0200] "GET / HTTP/1.1" 301 162 "-" "Mozilla/5.0 (Macintosh; Apple Silicon Mac OS X 14_3_1) AppleWebKit/537.36 (KHTML, like Gecko) Chrome/134.0.6998.166 Safari/537.36"
34.229.239.212 - - [03/May/2025:13:28:28 +0200] "GET / HTTP/1.1" 301 162 "-" "Mozilla/5.0 (Macintosh; Apple Silicon Mac OS X 14_3_1) AppleWebKit/537.36 (KHTML, like Gecko) Chrome/134.0.6998.166 Safari/537.36"
18.206.40.0 - - [03/May/2025:14:43:02 +0200] "GET / HTTP/1.1" 301 162 "-" "Mozilla/5.0 (Macintosh; Apple Silicon Mac OS X 14_3_1) AppleWebKit/537.36 (KHTML, like Gecko) Chrome/134.0.6998.166 Safari/537.36"
62.141.44.236 - - [03/May/2025:15:12:24 +0200] "GET / HTTP/1.1" 301 162 "-" "Mozilla/5.0 (Windows NT 10.0; Win64; x64) AppleWebKit/537.36 (KHTML, like Gecko) Chrome/91.0.4472.114 Safari/537.36 Edg/91.0.864.54"
18.206.40.0 - - [03/May/2025:17:03:56 +0200] "GET / HTTP/1.1" 301 162 "-" "Mozilla/5.0 (Macintosh; Apple Silicon Mac OS X 14_3_1) AppleWebKit/537.36 (KHTML, like Gecko) Chrome/134.0.6998.166 Safari/537.36"
110.172.98.2 - - [04/May/2025:01:33:30 +0200] "GET / HTTP/1.1" 301 162 "-" "Mozilla/5.0 (Windows NT 10.0; Win64; x64) AppleWebKit/537.36 (KHTML, like Gecko) Chrome/79.0.3945.130 Safari/537.36"
110.172.98.2 - - [05/May/2025:07:32:38 +0200] "GET / HTTP/1.1" 301 162 "-" "Mozilla/5.0 (Windows NT 10.0; Win64; x64) AppleWebKit/537.36 (KHTML, like Gecko) Chrome/79.0.3945.130 Safari/537.36"
188.166.84.157 - - [05/May/2025:11:02:03 +0200] "GET / HTTP/1.1" 301 162 "-" "Mozilla/5.0 (X11; Linux x86_64) AppleWebKit/537.36 (KHTML, like Gecko) Chrome/135.0.0.0 Safari/537.36"
188.166.84.157 - - [05/May/2025:11:02:03 +0200] "GET /ads.txt HTTP/1.1" 301 162 "-" "Mozilla/5.0 (X11; Linux x86_64) AppleWebKit/537.36 (KHTML, like Gecko) Chrome/135.0.0.0 Safari/537.36"
192.104.34.34 - - [05/May/2025:11:37:03 +0200] "GET / HTTP/1.1" 301 162 "-" "Mozilla/5.0 (Windows NT 10.0; Win64; x64) AppleWebKit/537.36 (KHTML, like Gecko) Chrome/134.0.0.0 Safari/537.36"
199.244.88.222 - - [06/May/2025:05:22:45 +0200] "GET / HTTP/1.1" 301 162 "-" "Mozilla/5.0 (X11; Linux x86_64) AppleWebKit/537.36 (KHTML, like Gecko) Chrome/105.0.0.0 Safari/537.36"
110.172.98.2 - - [06/May/2025:20:43:03 +0200] "GET / HTTP/1.1" 301 162 "-" "Mozilla/5.0 (Windows NT 10.0; Win64; x64) AppleWebKit/537.36 (KHTML, like Gecko) Chrome/79.0.3945.130 Safari/537.36"
205.169.39.14 - - [07/May/2025:07:15:01 +0200] "GET / HTTP/1.1" 301 162 "-" "Mozilla/5.0 (Windows NT 10.0) AppleWebKit/537.36 (KHTML, like Gecko) Chrome/106.0.0.0 Safari/537.36"
110.172.98.2 - - [07/May/2025:10:12:24 +0200] "GET / HTTP/1.1" 301 162 "-" "Mozilla/5.0 (Windows NT 10.0; Win64; x64) AppleWebKit/537.36 (KHTML, like Gecko) Chrome/79.0.3945.130 Safari/537.36"
196.251.86.211 - - [08/May/2025:06:28:04 +0200] "GET / HTTP/1.1" 301 162 "-" "-"
143.110.218.168 - - [08/May/2025:09:12:20 +0200] "GET / HTTP/1.1" 301 162 "-" "Mozilla/5.0 (X11; Linux x86_64; rv:136.0) Gecko/20100101 Firefox/136.0"
52.206.103.166 - - [08/May/2025:15:31:41 +0200] "GET / HTTP/1.1" 301 162 "-" "Mozilla/5.0 (Macintosh; Apple Silicon Mac OS X 14_3_1) AppleWebKit/537.36 (KHTML, like Gecko) Chrome/134.0.6998.166 Safari/537.36"
130.89.144.171 - - [08/May/2025:16:02:38 +0200] "GET /robots.txt HTTP/1.1" 301 162 "-" "OI-Crawler/Nutch (https://openintel.nl/webcrawl/)"
130.89.144.171 - - [08/May/2025:16:02:38 +0200] "GET / HTTP/1.1" 301 162 "-" "OI-Crawler/Nutch (https://openintel.nl/webcrawl/)"
52.206.103.166 - - [08/May/2025:17:39:41 +0200] "GET / HTTP/1.1" 301 162 "-" "Mozilla/5.0 (Macintosh; Apple Silicon Mac OS X 14_3_1) AppleWebKit/537.36 (KHTML, like Gecko) Chrome/134.0.6998.166 Safari/537.36"
98.81.58.101 - - [08/May/2025:18:32:44 +0200] "GET / HTTP/1.1" 301 162 "-" "Mozilla/5.0 (Macintosh; Apple Silicon Mac OS X 14_3_1) AppleWebKit/537.36 (KHTML, like Gecko) Chrome/134.0.6998.166 Safari/537.36"
54.234.123.248 - - [08/May/2025:19:15:50 +0200] "GET / HTTP/1.1" 301 162 "-" "Mozilla/5.0 (Macintosh; Apple Silicon Mac OS X 14_3_1) AppleWebKit/537.36 (KHTML, like Gecko) Chrome/134.0.6998.166 Safari/537.36"
54.234.123.248 - - [08/May/2025:19:17:22 +0200] "GET / HTTP/1.1" 301 162 "-" "Mozilla/5.0 (Macintosh; Apple Silicon Mac OS X 14_3_1) AppleWebKit/537.36 (KHTML, like Gecko) Chrome/134.0.6998.166 Safari/537.36"
34.224.38.198 - - [08/May/2025:19:59:51 +0200] "GET / HTTP/1.1" 301 162 "-" "Mozilla/5.0 (Macintosh; Apple Silicon Mac OS X 14_3_1) AppleWebKit/537.36 (KHTML, like Gecko) Chrome/134.0.6998.166 Safari/537.36"
34.224.38.198 - - [08/May/2025:20:59:47 +0200] "GET / HTTP/1.1" 301 162 "-" "Mozilla/5.0 (Macintosh; Apple Silicon Mac OS X 14_3_1) AppleWebKit/537.36 (KHTML, like Gecko) Chrome/134.0.6998.166 Safari/537.36"
54.196.195.164 - - [08/May/2025:23:05:43 +0200] "GET / HTTP/1.1" 301 162 "-" "Mozilla/5.0 (Macintosh; Apple Silicon Mac OS X 14_3_1) AppleWebKit/537.36 (KHTML, like Gecko) Chrome/134.0.6998.166 Safari/537.36"
123.160.223.75 - - [09/May/2025:19:55:33 +0200] "GET / HTTP/1.1" 301 162 "-" "Mozilla/5.0 (Macintosh; Intel Mac OS X 10_15_7) AppleWebKit/537.36 (KHTML, like Gecko) Chrome/96.0.4664.110 Safari/537.36"
110.172.98.2 - - [09/May/2025:21:39:59 +0200] "GET / HTTP/1.1" 301 162 "-" "Mozilla/5.0 (Windows NT 10.0; Win64; x64) AppleWebKit/537.36 (KHTML, like Gecko) Chrome/79.0.3945.130 Safari/537.36"
45.94.31.135 - - [09/May/2025:23:13:44 +0200] "GET /.git/config HTTP/1.1" 301 162 "-" "Mozilla/5.0 (X11; Linux x86_64) AppleWebKit/537.36 (KHTML, like Gecko) Chrome/81.0.4044.129 Safari/537.36"
45.94.31.135 - - [09/May/2025:23:13:44 +0200] "GET /.config HTTP/1.1" 301 162 "-" "Mozilla/5.0 (X11; Linux x86_64) AppleWebKit/537.36 (KHTML, like Gecko) Chrome/81.0.4044.129 Safari/537.36"
45.94.31.135 - - [09/May/2025:23:13:44 +0200] "GET /config.json HTTP/1.1" 301 162 "-" "Mozilla/5.0 (X11; Linux x86_64) AppleWebKit/537.36 (KHTML, like Gecko) Chrome/81.0.4044.129 Safari/537.36"
45.94.31.135 - - [09/May/2025:23:13:44 +0200] "GET /.env.prod HTTP/1.1" 301 162 "-" "Mozilla/5.0 (X11; Linux x86_64) AppleWebKit/537.36 (KHTML, like Gecko) Chrome/81.0.4044.129 Safari/537.36"
45.94.31.135 - - [09/May/2025:23:13:44 +0200] "GET /.env.local HTTP/1.1" 301 162 "-" "Mozilla/5.0 (X11; Linux x86_64) AppleWebKit/537.36 (KHTML, like Gecko) Chrome/81.0.4044.129 Safari/537.36"
110.172.98.2 - - [10/May/2025:06:40:15 +0200] "GET / HTTP/1.1" 301 162 "-" "Mozilla/5.0 (Windows NT 10.0; Win64; x64) AppleWebKit/537.36 (KHTML, like Gecko) Chrome/79.0.3945.130 Safari/537.36"
82.102.18.180 - - [10/May/2025:19:15:01 +0200] "GET / HTTP/1.1" 301 162 "-" "Mozilla/5.0 (Windows NT 10.0; Win64; x64) AppleWebKit/537.36 (KHTML, like Gecko) Chrome/78.0.3904.108 Safari/537.36"
205.210.31.152 - - [11/May/2025:08:01:38 +0200] "GET / HTTP/1.1" 301 162 "-" "-"
46.228.199.158 - - [11/May/2025:10:36:34 +0200] "GET / HTTP/1.1" 301 162 "-" "Mozilla/5.0 (Windows NT 10.0; Win64; x64) AppleWebKit/537.36 (KHTML, like Gecko) Chrome/91.0.4472.114 Safari/537.36 Edg/91.0.864.54"
110.172.98.2 - - [11/May/2025:12:34:50 +0200] "GET / HTTP/1.1" 301 162 "-" "Mozilla/5.0 (Windows NT 10.0; Win64; x64) AppleWebKit/537.36 (KHTML, like Gecko) Chrome/79.0.3945.130 Safari/537.36"
110.172.98.2 - - [11/May/2025:19:54:14 +0200] "GET / HTTP/1.1" 301 162 "-" "Mozilla/5.0 (Windows NT 10.0; Win64; x64) AppleWebKit/537.36 (KHTML, like Gecko) Chrome/79.0.3945.130 Safari/537.36"
37.120.174.232 - - [12/May/2025:10:37:18 +0200] "GET /style.php HTTP/1.1" 301 162 "www.google.com" "Mozlila/5.0 (Linux; Android 7.0; SM-G892A Bulid/NRD90M; wv) AppleWebKit/537.36 (KHTML, like Gecko) Version/4.0 Chrome/60.0.3112.107 Moblie Safari/537.36"
152.53.250.192 - - [13/May/2025:04:22:49 +0200] "GET /style.php HTTP/1.1" 301 162 "www.google.com" "Mozlila/5.0 (Linux; Android 7.0; SM-G892A Bulid/NRD90M; wv) AppleWebKit/537.36 (KHTML, like Gecko) Version/4.0 Chrome/60.0.3112.107 Moblie Safari/537.36"
35.153.57.15 - - [13/May/2025:09:05:16 +0200] "GET / HTTP/1.1" 301 162 "-" "Mozilla/5.0 (Macintosh; Apple Silicon Mac OS X 14_3_1) AppleWebKit/537.36 (KHTML, like Gecko) Chrome/134.0.6998.166 Safari/537.36"
40.69.66.139 - - [27/May/2025:20:30:14 +0200] "GET /wp-content/plugins/hellopress/wp_filemanager.php HTTP/1.1" 301 162 "-" "-"
