{"id":1894,"date":"2023-03-28T09:28:51","date_gmt":"2023-03-28T09:28:51","guid":{"rendered":"https:\/\/razglednica.leokosak.from.hr\/?page_id=1894"},"modified":"2023-03-28T09:36:20","modified_gmt":"2023-03-28T09:36:20","slug":"restorani","status":"publish","type":"page","link":"https:\/\/razglednica.leokosak.from.hr\/index.php\/restorani\/","title":{"rendered":"Restorani"},"content":{"rendered":"<style>\/*! elementor - v3.11.5 - 14-03-2023 *\/\n.elementor-widget-divider{--divider-border-style:none;--divider-border-width:1px;--divider-color:#2c2c2c;--divider-icon-size:20px;--divider-element-spacing:10px;--divider-pattern-height:24px;--divider-pattern-size:20px;--divider-pattern-url:none;--divider-pattern-repeat:repeat-x}.elementor-widget-divider .elementor-divider{display:flex}.elementor-widget-divider .elementor-divider__text{font-size:15px;line-height:1;max-width:95%}.elementor-widget-divider .elementor-divider__element{margin:0 var(--divider-element-spacing);flex-shrink:0}.elementor-widget-divider .elementor-icon{font-size:var(--divider-icon-size)}.elementor-widget-divider .elementor-divider-separator{display:flex;margin:0;direction:ltr}.elementor-widget-divider--view-line_icon .elementor-divider-separator,.elementor-widget-divider--view-line_text .elementor-divider-separator{align-items:center}.elementor-widget-divider--view-line_icon .elementor-divider-separator:after,.elementor-widget-divider--view-line_icon .elementor-divider-separator:before,.elementor-widget-divider--view-line_text .elementor-divider-separator:after,.elementor-widget-divider--view-line_text .elementor-divider-separator:before{display:block;content:\"\";border-bottom:0;flex-grow:1;border-top:var(--divider-border-width) var(--divider-border-style) var(--divider-color)}.elementor-widget-divider--element-align-left .elementor-divider .elementor-divider-separator>.elementor-divider__svg:first-of-type{flex-grow:0;flex-shrink:100}.elementor-widget-divider--element-align-left .elementor-divider-separator:before{content:none}.elementor-widget-divider--element-align-left .elementor-divider__element{margin-left:0}.elementor-widget-divider--element-align-right .elementor-divider .elementor-divider-separator>.elementor-divider__svg:last-of-type{flex-grow:0;flex-shrink:100}.elementor-widget-divider--element-align-right .elementor-divider-separator:after{content:none}.elementor-widget-divider--element-align-right .elementor-divider__element{margin-right:0}.elementor-widget-divider:not(.elementor-widget-divider--view-line_text):not(.elementor-widget-divider--view-line_icon) .elementor-divider-separator{border-top:var(--divider-border-width) var(--divider-border-style) var(--divider-color)}.elementor-widget-divider--separator-type-pattern{--divider-border-style:none}.elementor-widget-divider--separator-type-pattern.elementor-widget-divider--view-line .elementor-divider-separator,.elementor-widget-divider--separator-type-pattern:not(.elementor-widget-divider--view-line) .elementor-divider-separator:after,.elementor-widget-divider--separator-type-pattern:not(.elementor-widget-divider--view-line) .elementor-divider-separator:before,.elementor-widget-divider--separator-type-pattern:not([class*=elementor-widget-divider--view]) .elementor-divider-separator{width:100%;min-height:var(--divider-pattern-height);-webkit-mask-size:var(--divider-pattern-size) 100%;mask-size:var(--divider-pattern-size) 100%;-webkit-mask-repeat:var(--divider-pattern-repeat);mask-repeat:var(--divider-pattern-repeat);background-color:var(--divider-color);-webkit-mask-image:var(--divider-pattern-url);mask-image:var(--divider-pattern-url)}.elementor-widget-divider--no-spacing{--divider-pattern-size:auto}.elementor-widget-divider--bg-round{--divider-pattern-repeat:round}.rtl .elementor-widget-divider .elementor-divider__text{direction:rtl}.e-con-inner>.elementor-widget-divider,.e-con>.elementor-widget-divider{width:var(--container-widget-width,100%);--flex-grow:var(--container-widget-flex-grow)}<\/style>\n<style>\/*! elementor - v3.11.5 - 14-03-2023 *\/\n.elementor-heading-title{padding:0;margin:0;line-height:1}.elementor-widget-heading .elementor-heading-title[class*=elementor-size-]>a{color:inherit;font-size:inherit;line-height:inherit}.elementor-widget-heading .elementor-heading-title.elementor-size-small{font-size:15px}.elementor-widget-heading .elementor-heading-title.elementor-size-medium{font-size:19px}.elementor-widget-heading .elementor-heading-title.elementor-size-large{font-size:29px}.elementor-widget-heading .elementor-heading-title.elementor-size-xl{font-size:39px}.elementor-widget-heading .elementor-heading-title.elementor-size-xxl{font-size:59px}<\/style>\n<h1>Restorani<\/h1>\n<style>\/*! elementor - v3.11.5 - 14-03-2023 *\/\n.elementor-widget-image{text-align:center}.elementor-widget-image a{display:inline-block}.elementor-widget-image a img[src$=\".svg\"]{width:48px}.elementor-widget-image img{vertical-align:middle;display:inline-block}<\/style>\n<p>\t\t\t\t\t\t\t\t\t\t\t\t<img decoding=\"async\" width=\"1024\" height=\"719\" src=\"https:\/\/razglednica.leokosak.from.hr\/wp-content\/uploads\/2023\/03\/restoran-karma-zadar-3-1024x719.webp\" alt=\"\" loading=\"lazy\" srcset=\"https:\/\/razglednica.leokosak.from.hr\/wp-content\/uploads\/2023\/03\/restoran-karma-zadar-3-1024x719.webp 1024w, https:\/\/razglednica.leokosak.from.hr\/wp-content\/uploads\/2023\/03\/restoran-karma-zadar-3-300x211.webp 300w, https:\/\/razglednica.leokosak.from.hr\/wp-content\/uploads\/2023\/03\/restoran-karma-zadar-3-768x540.webp 768w, https:\/\/razglednica.leokosak.from.hr\/wp-content\/uploads\/2023\/03\/restoran-karma-zadar-3.webp 1200w\" sizes=\"auto, (max-width: 1024px) 100vw, 1024px\" \/>\t\t\t\t\t\t\t\t\t\t\t\t\t\t\t<\/p>\n<h3>Zadar &#8211; odaberite scenarij za svoj odmor iz snova<\/h3>\n<p>Nemogu\u0107e je do\u017eivjeti istinski Mediteran bez njegovih okusa, boja i mirisa. Jo\u0161 od pradavnih vremena kada je morska sol bila zlatni za\u010din \u017eivota, Zadar se di\u010dio svojom gastronomskom ponudom koju danas dostojno predstavljaju vrhunski restorani. Te\u0161ko je odoljeti \u0161armu i gastronomskoj ponudi zadarskih restorana, pitoresknih konoba i bistroa s doma\u0107om spizom.<\/p>\n<style>\/*! elementor - v3.11.5 - 14-03-2023 *\/\n.elementor-column .elementor-spacer-inner{height:var(--spacer-size)}.e-con{--container-widget-width:100%}.e-con-inner>.elementor-widget-spacer,.e-con>.elementor-widget-spacer{width:var(--container-widget-width,var(--spacer-size));--align-self:var(--container-widget-align-self,initial);--flex-shrink:0}.e-con-inner>.elementor-widget-spacer>.elementor-widget-container,.e-con-inner>.elementor-widget-spacer>.elementor-widget-container>.elementor-spacer,.e-con>.elementor-widget-spacer>.elementor-widget-container,.e-con>.elementor-widget-spacer>.elementor-widget-container>.elementor-spacer{height:100%}.e-con-inner>.elementor-widget-spacer>.elementor-widget-container>.elementor-spacer>.elementor-spacer-inner,.e-con>.elementor-widget-spacer>.elementor-widget-container>.elementor-spacer>.elementor-spacer-inner{height:var(--container-widget-height,var(--spacer-size))}<\/style>\n<h2>Restorani<\/h2>\n<p>Grad podno Velebita magi\u010dno je privla\u010dan turistima u svako godi\u0161nje doba, a posebno u ljetnim mjesecima. Za Zadar je slavni redatelj Alfred Hitchcock rekao da je tamo do\u017eivio najljep\u0161i zalazak sunca, a svi \u0107e se slo\u017eiti kako svakim posjetom mo\u017ee ponuditi ne\u0161to sasvim originalno i posve novo. Kultura, povijest, priroda, pla\u017ee, ovaj grad i njegova okolica imaju to sve, a ako se pitate gdje fino jesti u Zadru, ovi restorani nude autohtona dalmatinska jela koja osvajaju na prvi zalogaj i odu\u0161evit \u0107e i najzahtjevnija nepca.<\/p>\n<style>\/*! elementor - v3.11.5 - 14-03-2023 *\/\n.elementor-widget-image-box .elementor-image-box-content{width:100%}@media (min-width:768px){.elementor-widget-image-box.elementor-position-left .elementor-image-box-wrapper,.elementor-widget-image-box.elementor-position-right .elementor-image-box-wrapper{display:flex}.elementor-widget-image-box.elementor-position-right .elementor-image-box-wrapper{text-align:right;flex-direction:row-reverse}.elementor-widget-image-box.elementor-position-left .elementor-image-box-wrapper{text-align:left;flex-direction:row}.elementor-widget-image-box.elementor-position-top .elementor-image-box-img{margin:auto}.elementor-widget-image-box.elementor-vertical-align-top .elementor-image-box-wrapper{align-items:flex-start}.elementor-widget-image-box.elementor-vertical-align-middle .elementor-image-box-wrapper{align-items:center}.elementor-widget-image-box.elementor-vertical-align-bottom .elementor-image-box-wrapper{align-items:flex-end}}@media (max-width:767px){.elementor-widget-image-box .elementor-image-box-img{margin-left:auto!important;margin-right:auto!important;margin-bottom:15px}}.elementor-widget-image-box .elementor-image-box-img{display:inline-block}.elementor-widget-image-box .elementor-image-box-title a{color:inherit}.elementor-widget-image-box .elementor-image-box-wrapper{text-align:center}.elementor-widget-image-box .elementor-image-box-description{margin:0}<\/style>\n<figure><img decoding=\"async\" width=\"1024\" height=\"684\" src=\"https:\/\/razglednica.leokosak.from.hr\/wp-content\/uploads\/2023\/03\/restoran-karma-zadar-1024x684.webp\" alt=\"\" loading=\"lazy\" \/><\/figure>\n<h3>Restoran Karma<\/h3>\n<p>Restoran Karma u vrlo kratkom vremenu od otvaranja postao je omiljena gastro destinacija u Zadru, nalazi se na \u0161etnici tik uz more te je pravi raj za sve gurmane. Iz njihovog zavodljivog jelovnika izdvajamo 4 jela \u0161efa kuhinje: Sous-vide sipa sa slanutkom, file bijele ribe na aromatiziranoj palenti i umaku od naran\u010de, punjene lignje na crnoj palenti i blitvu, janje\u0107a rolada s kroketima od svje\u017eeg sira i kremom od gra\u0161ka. Imaju i odli\u010dne odreske, prefini ri\u017eoto sa \u0161kampima te veliki izbor hrvatskih i stranih vina.\n<\/p>\n<figure><img decoding=\"async\" width=\"1000\" height=\"660\" src=\"https:\/\/razglednica.leokosak.from.hr\/wp-content\/uploads\/2023\/03\/28012017_4322046665.jpg\" alt=\"\" loading=\"lazy\" \/><\/figure>\n<h3>Restoran Fo\u0161a<\/h3>\n<p>Uvu\u010den u bedeme zadarske lu\u010dice, Fo\u0161a je jedan od najpoznatijih ribljih restorana u Zadru. Ima tradiciju dulju od 60 godina, a od samog po\u010detka kuhari su ovdje imali jasnu ideju, a to je ponuditi gostima najsvje\u017eije i najbolje namirnice iz Jadranskog mora. U tradicionalnom ambijentu, ovdje mo\u017eete u\u017eivati u prekrasnom pogledu na plavetnilo mora, ali i u zavodljivim morskim specijalitetima kao \u0161to su \u0161kampe, kamenice, tuna, hobotnica, lignje, raznim ribljim juhama te bijeloj ribi. Od svje\u017eih namirnica karakteristi\u010dnih za zadarsko podru\u010dje, u Fo\u0161i se pripremaju i jela koja \u010duvaju drevne okuse dalmatinske kuhinje, ali istodobno njeguju koncept zdrave prehrane i kreativne suvremene gastronomije.\n<\/p>\n<figure><img decoding=\"async\" width=\"1024\" height=\"684\" src=\"https:\/\/razglednica.leokosak.from.hr\/wp-content\/uploads\/2023\/03\/rest2-1024x684.jpg\" alt=\"\" loading=\"lazy\" \/><\/figure>\n<h3>Restoran Ka\u0161tel<\/h3>\n<p>\u201dVizija restorana Ka\u0161tel po\u010diva na namirnicama i proizvodima koji pri\u010daju pri\u010du o kulturi i tradiciji grada Zadra i njegove okolice. Bilo da je rije\u010d o doma\u0107em siru, maslinovom ulju ili vinu, rezultat je uvijek savr\u0161eni balans jednostavnosti i svje\u017eine popra\u0107en jedinstvenim i nezaboravnim kulinarskim iskustvom\u201d \u2013 tako svoju pri\u010du na web stranicama zapo\u010dinje uigrana ekipa restorana Ka\u0161tel koji je nagra\u0111en i najve\u0107im priznanjem u gastronomskom svijetu \u2013 Michelinovom zvijezdicom. Smje\u0161ten je u sklopu hotela Bastion u sa\u010duvanim ostacima tvr\u0111ave iz 13. stolje\u0107a, a svojim gostima nudi lokalna dalmatinska jela, ali i kreativna jela modernih kulinarskih trendova.<\/p>\n<figure><img decoding=\"async\" width=\"1024\" height=\"683\" src=\"https:\/\/razglednica.leokosak.from.hr\/wp-content\/uploads\/2023\/03\/IMG_9562-1024x683.jpg\" alt=\"\" loading=\"lazy\" \/><\/figure>\n<h3>Restoran Niko<\/h3>\n<p>Smje\u0161ten u mirnom predgra\u0111u Zadra, na Puntamici, Restoran Niko osnovan je 1963. godine i danas je jedan od gastronomskih simbola ovog dalmatinskog grada. Kuhinja im je prvenstveno bazirana na ribljim specijalitetima. Osim ugodnog mediteranskog ambijenta i prvoklasne gastronomske ponude, ovdje \u0107e vas do\u010dekati veseli doma\u0107ini koji nerijetko sa svojom klapom zapjevaju u restoranu. Specijalitet ku\u0107e je zelena pa\u0161ta sa \u0161kampima!<\/p>\n<figure><img decoding=\"async\" width=\"795\" height=\"402\" src=\"https:\/\/razglednica.leokosak.from.hr\/wp-content\/uploads\/2023\/03\/1.jpg\" alt=\"\" loading=\"lazy\" \/><\/figure>\n<h3>Restoran \u0160ime<\/h3>\n<p>Restoran \u0160ime je prekrasni, mali lokal duge i bogate tradicije obitelji Mi\u010di\u0107. Svoje znanje i ljubav prema kulinarstvu svojim zadovoljnim gostima pru\u017eaju generacijama, jo\u0161 od davne 1981. godine. Mesni i riblji specijaliteti, vegetarijanski specijaliteti, tradicionalna dalmatinska kuhinja\u2026 Ovdje \u0107e se prona\u0107i pone\u0161to za svakoga, a mnogima omiljeno jelo je pizza. Naime, ako pitate bilo kojeg lokalca gdje se u Zadru jede najbolja pizza, svi \u0107e odgovoriti isto \u2013 kod \u0160ime na Boriku!<\/p>\n","protected":false},"excerpt":{"rendered":"<p>Restorani Zadar &#8211; odaberite scenarij za svoj odmor iz snova Nemogu\u0107e je do\u017eivjeti istinski Mediteran bez njegovih okusa, boja i mirisa. Jo\u0161 od pradavnih vremena kada je morska sol bila zlatni za\u010din \u017eivota, Zadar se di\u010dio svojom gastronomskom ponudom koju danas dostojno predstavljaju vrhunski restorani. Te\u0161ko je odoljeti \u0161armu i gastronomskoj ponudi zadarskih restorana, pitoresknih &hellip;<\/p>\n<p class=\"read-more\"> <a class=\"\" href=\"https:\/\/razglednica.leokosak.from.hr\/index.php\/restorani\/\"> <span class=\"screen-reader-text\">Restorani<\/span> Read More &raquo;<\/a><\/p>\n","protected":false},"author":1,"featured_media":0,"parent":0,"menu_order":0,"comment_status":"closed","ping_status":"closed","template":"","meta":{"site-sidebar-layout":"no-sidebar","site-content-layout":"page-builder","ast-global-header-display":"","ast-main-header-display":"","ast-hfb-above-header-display":"","ast-hfb-below-header-display":"","ast-hfb-mobile-header-display":"","site-post-title":"disabled","ast-breadcrumbs-content":"","ast-featured-img":"disabled","footer-sml-layout":"","theme-transparent-header-meta":"","adv-header-id-meta":"","stick-header-meta":"","header-above-stick-meta":"","header-main-stick-meta":"","header-below-stick-meta":"","footnotes":""},"class_list":["post-1894","page","type-page","status-publish","hentry"],"_links":{"self":[{"href":"https:\/\/razglednica.leokosak.from.hr\/index.php\/wp-json\/wp\/v2\/pages\/1894","targetHints":{"allow":["GET"]}}],"collection":[{"href":"https:\/\/razglednica.leokosak.from.hr\/index.php\/wp-json\/wp\/v2\/pages"}],"about":[{"href":"https:\/\/razglednica.leokosak.from.hr\/index.php\/wp-json\/wp\/v2\/types\/page"}],"author":[{"embeddable":true,"href":"https:\/\/razglednica.leokosak.from.hr\/index.php\/wp-json\/wp\/v2\/users\/1"}],"replies":[{"embeddable":true,"href":"https:\/\/razglednica.leokosak.from.hr\/index.php\/wp-json\/wp\/v2\/comments?post=1894"}],"version-history":[{"count":4,"href":"https:\/\/razglednica.leokosak.from.hr\/index.php\/wp-json\/wp\/v2\/pages\/1894\/revisions"}],"predecessor-version":[{"id":1906,"href":"https:\/\/razglednica.leokosak.from.hr\/index.php\/wp-json\/wp\/v2\/pages\/1894\/revisions\/1906"}],"wp:attachment":[{"href":"https:\/\/razglednica.leokosak.from.hr\/index.php\/wp-json\/wp\/v2\/media?parent=1894"}],"curies":[{"name":"wp","href":"https:\/\/api.w.org\/{rel}","templated":true}]}}